nder when 119 is divided by r.
11
Suppose -3*z = -5*b - 20831, b + 16159 = -5*z + 50896. What is the remainder when z is divided by 278?
275
Let c(z) = 4*z + 4. Suppose 44 = -6*r + 26. What is the remainder when c(10) is divided by 30*((-34)/(-10) + r)?
8
Let d be 7/28*8/(-10)*-35. Suppose 5*j - 96 = -d*j. Calculate the remainder when 292 is divided by j.
4
Suppose -3*l + 10 = -5*n - 0*l, 4*n = -2*l + 14. Let k be (181 - 8)/(n + 0). Suppose k = 2*j + 19. What is the remainder when j is divided by 20?
17
Calculate the remainder when (-78)/(-195) - (-8826)/10 is divided by 77.
36
Let j = 3503 + -3311. What is the remainder when j is divided by 15?
12
Suppose 296 = 2*d - 6*t, -1 + 25 = 4*t. What is the remainder when d is divided by 25?
16
Let r be (-2)/(-9) - (-99880)/90. Suppose -5*u + r = 5*d, -10*d = -2*u - 7*d + 439. What is the remainder when u is divided by 28?
25
Let u = 896 - 1491. Calculate the remainder when (-7*(-102)/u)/(3/(-35)) is divided by 2.
0
Let h be -12*5/60*-3. Suppose h*a + 34*x - 31*x - 108 = 0, 0 = -2*a + 4*x + 72. Calculate the remainder when 81 is divided by a.
9
Let d be 24 + (-32)/56 + 3/(-7). Calculate the remainder when 481 is divided by (-2)/4*d*(-15 + 9).
67
Let y(w) = -w**3 + w**2 + 111. Suppose -2*x + 3*u = 0, 0 = 5*x - u + 4*u. Suppose -15*m + 35 = -205. What is the remainder when y(x) is divided by m?
15
Let v(m) = 2*m + 46. Let i be v(-5). Suppose 187*j - 196*j = -i. Calculate the remainder when 26 is divided by j.
2
Let t be 16/(-5)*(-10)/4. Suppose 0 = -2*r + t. Calculate the remainder when 19 is divided by r.
3
Let k = -7 + -62. Let n = 192 + k. Suppose -n = -11*q + 8*q. Calculate the remainder when q is divided by 11.
8
Suppose -11*t = -14*t + 5*h + 3425, 3*t - 4*h - 3424 = 0. What is the remainder when t is divided by 44?
40
Let t(f) = 8 + 17 + 11*f - 10*f. Let y(o) = -o**3 - 4*o**2 - 3*o + 13. Calculate the remainder when y(-5) is divided by t(-14).
9
Let m = -308 + 202. Let q = 229 + m. Calculate the remainder when q is divided by 33.
24
Let p = -28 + 32. Suppose 3*t = s - p*s + 45, -2*s = -10. Let m = 70 - 34. What is the remainder when m is divided by t?
6
Let i(c) = -174*c - 1286. What is the remainder when 323 is divided by i(-8)?
5
What is the remainder when 648 is divided by (-459)/(-170) - (-1)/(-5) - (-358)/4?
4
Suppose -7*t = -2*t + 10. Let a(f) = -18*f + 4. Suppose -5 = 2*m - 33. What is the remainder when a(t) is divided by m?
12
Suppose -39*g + 1917 = -12*g. What is the remainder when 79 is divided by g?
8
Let j(d) = 7*d + 3. Let t(s) = 4*s + 1. Let u(k) = 6*j(k) - 11*t(k). Let p = 22 + -22. What is the remainder when 40 is divided by u(p)?
5
Let l(x) = 5*x + 16. Let u(m) = m - 2. Let z(g) = -l(g) + 3*u(g). Calculate the remainder when 34 is divided by z(-17).
10
Suppose 4*g + 328 = 12*g. Let k be g/(-4)*(-8 - -4) - 0. Let f = k - 10. Calculate the remainder when f is divided by 8.
7
Let k(x) = x**2 - 2*x + 1. Let y(b) = -20*b**2 + 10*b + 5. Let o(t) = -5*k(t) - y(t). What is the remainder when o(3) is divided by 68?
57
Let l be 16/10*-15*(-8)/48. Suppose l = 4*i, z + 62 = 5*i - i. Let n = -48 - z. What is the remainder when 17 is divided by n?
7
Suppose -3*a - 3*t = -0 - 18, 3*a + 5*t - 22 = 0. Suppose 3*q = a*q - 54. What is the remainder when q is divided by (-21)/(-2)*(-28)/(-21)?
12
Suppose 11*d - 1381 - 445 = 0. Suppose 22*f = 428 + d. Calculate the remainder when f is divided by 2.
1
Let a = 1486 - 1057. Let u = -419 + a. Calculate the remainder when 34 is divided by u.
4
Let w(d) = 25*d + 5425*d**3 - 20 - 5427*d**3 + 4 + 45*d**2. Calculate the remainder when 147 is divided by w(23).
27
Suppose 2367 = -170*b + 19027. What is the remainder when 657 is divided by b?
69
Let x(f) = 322*f + 1328. What is the remainder when 82 is divided by x(-4)?
2
Suppose -9*s - 3*s = 12. Let o = 3 + 2. Calculate the remainder when (-16)/(-1 + s)*2 is divided by o.
1
Suppose -25*t + 29*t - 3*w = 281, 5*w = -3*t + 189. Let x(s) = -s**2 - 3*s + 9. Let c be x(-7). What is the remainder when t is divided by (-2)/(-1) + (3 - c)?
20
Suppose 0 = -4*g + 2*a + 6756 - 710, 0 = 3*g - 5*a - 4538. Calculate the remainder when g is divided by 741.
29
Let o(u) = -u**3 + 8*u**2 + 18*u - 76. Let r be o(9). Suppose -11*f = -16*f + 5*x + 1005, r*f - x = 1009. Calculate the remainder when f is divided by 26.
20
Calculate the remainder when 6/7*-7 + -6 - -1028 is divided by 80.
56
Let w = 4006 + -3991. What is the remainder when 489 is divided by w?
9
Let b = 12405 + -12210. What is the remainder when b is divided by 70?
55
Let c(d) = -d**3 - 38*d**2 - 110*d - 5. Calculate the remainder when 584 is divided by c(-3).
4
Let m be (2/6)/((-8)/(-72)). Suppose z + q = 100, 3*z - 323 = m*q - 11. What is the remainder when z is divided by 13?
11
Let o(n) = n**3 + 48*n**2 + 55*n + 216. What is the remainder when o(-46) is divided by 34?
14
Let z(n) = -n**2 + 8*n + 43. Let q be -10*((-9)/(-15))/((-9)/66). Let a be (q/6)/((-9)/(135/(-10))). Calculate the remainder when 75 is divided by z(a).
5
Let q = 290 - 288. What is the remainder when ((-1288)/(2 - 9))/q is divided by (-2)/2*-1*31?
30
Let p(j) = 2*j**2 - j - 1. Let b be p(2). Suppose m + 4 = -3*m, -b*r + 3*m + 288 = 0. Let q = 3948 + -3933. What is the remainder when r is divided by q?
12
Let a(o) = -26*o - 155. Let b(w) = 17*w + 103. Let d(s) = -5*a(s) - 8*b(s). Let u = 81 + -58. What is the remainder when u is divided by d(-9)?
3
Suppose -2*n = -5*g - 839, 0 = -3*n - 2*g - 721 + 2008. What is the remainder when n is divided by 33?
31
Let n(b) = 3*b**2 - 6*b - 27. Let i(r) = -3*r**2 + 8*r + 29. Let s(u) = 5*i(u) + 6*n(u). What is the remainder when 100 is divided by s(-6)?
33
Suppose -42866 = -32*x + 8142. What is the remainder when x is divided by 47?
43
Let c(t) = 2*t**2 + 183*t - 935. Calculate the remainder when c(5) is divided by 17.
13
Let j = 1007 + -811. Calculate the remainder when j is divided by 5.
1
Suppose -3*u - 18 = -r, 17 = -r + 2*r - 4*u. Let f(q) be the first derivative of q**2 - 8*q + 4470. Calculate the remainder when f(r) is divided by 9.
7
Suppose 3*c - 28 - 26 = 0. Let q(x) = 2*x**2 - 11*x + 9. Let k be q(5). What is the remainder when c is divided by 7/(6/24*k)?
4
Suppose -8 = -4*k + 5*f + 17, 2*k - 8 = 4*f. What is the remainder when 6444 is divided by k?
4
Let r be (2 - 1)/((-1)/(-68)). Let n = r - 36. Calculate the remainder when n is divided by 7.
4
Suppose 173899 + 34793 = 66*d. What is the remainder when d is divided by 22?
16
What is the remainder when ((-164840)/(-120) - (15/9 + 0))*1 is divided by 92?
84
Let n be ((-52)/39)/(1/(-9)). Let w be 1/((13 - n)*(-2)/(-6)). Calculate the remainder when 63 is divided by (123/5 - w) + 2/5.
19
Suppose 2*d = -10*d + 456. Let q = 62 - 48. Calculate the remainder when d is divided by q.
10
Let t = 31 - 43. Let b be -2 + 12/(t/(-3)). What is the remainder when 8*(-15)/(-3)*b is divided by 7?
5
Let a = -132 - -128. Calculate the remainder when 87 is divided by (a/12)/(7/(-525)).
12
Let y = 153 - 56. Suppose -3*i - y = -3*z - 307, -5*i + 350 = 3*z. What is the remainder when i is divided by -9*6*3/(-18)?
7
Calculate the remainder when 453 is divided by 53/17 + 6 + -9 - (-405105)/1921.
31
Let p = -121 + 115. Let g(i) = 6*i + 206. What is the remainder when g(p) is divided by 43?
41
Let r(b) = -179*b**3 + 6*b**2 - 87*b - 93. Suppose 99 = 4*a - 25. What is the remainder when r(-1) is divided by a?
24
Let c = -82 + 168. Suppose -5*i + c = -3*i - 5*p, 3*p = 6. Calculate the remainder when i is divided by 25.
23
Let p(h) = -h**3 - 16*h**2 + 34*h - 14. Let c(f) = 8*f + 158. Let u be c(-22). Calculate the remainder when 129 - (2 - 6/3) is divided by p(u).
19
Let d(u) = 3*u - 5. Suppose i - 16 = -2*b, 4 = 4*i + 3*b - 40. Calculate the remainder when d(i) is divided by 5.
4
What is the remainder when 0 + (8 - 2)*4035/10 - 2 is divided by 598?
27
Suppose 22*m = 1988 + 304 + 2152. Calculate the remainder when 4643 is divided by m.
199
Let m = 4428 + -4247. Calculate the remainder when 566 is divided by m.
23
Let g(x) = -x**3 + 12*x**2 - 18*x - 27. Let r be g(10). What is the remainder when ((-2 - -7) + r)*106/(-2) is divided by 21?
1
Let t(r) = -r**3 - 32*r**2 + 34*r + 37. Let w(q) = q**3 + q**2 - 9*q + 5. What is the rem